. Calculate j(3).
-13
Let o be (-8)/(-20)*5 + 2. Let q(l) = 2*l + 5. Let i(a) = -6*a - 2*a + 4*a + 5*a. Let w(s) = 5*i(s) - q(s). What is w(o)?
7
Let x(w) = w + 2. Let g be 8 - 2 - 3 - (0 - 2). Suppose -u - 4*u = m + 102, 3*u = -g*m - 48. Let q = -25 - u. Calculate x(q).
-2
Suppose -i - 1 = 0, 0*r - 4*r + 12 = -4*i. Suppose -r*v = v - 12. Let m(b) = -490 + v*b - b + 493 + b**3. Calculate m(-2).
-11
Let w(h) = -2611*h**2 + h**3 - 26*h - 32 + 17 + 2626*h**2. Determine w(-17).
-151
Let s(y) = y - 8. Let b = -323 + 328. Suppose -3*q = q + 3*a - 22, q + a - b = 0. Calculate s(q).
-1
Let s(i) = -2*i**2 + 24*i + 29. Let v be s(13). Let w = 78 + v. Let g = -82 + w. Let l(c) = -4*c**3 + 2*c**2 - 1. Calculate l(g).
5
Let h(z) = 163*z + 16. Let k be h(-1). Let b = -141 - k. Let q(w) = 2*w - 6. Give q(b).
6
Let k(x) = x**2 - 3*x - 1. Let u(r) = -r**2 - 3*r - 141. Let o(t) = -2*k(t) - u(t). Let j be o(17). Let a(f) = 3*f - 4. Determine a(j).
17
Let u(f) = -f**2 - 5*f + 9. Let i = -4226 - -4232. Give u(i).
-57
Let j(r) = -3*r + 2. Suppose -3*l = -7*l + 204. Let y = l + -55. Let p(x) = x**2 + 9*x + 22. Let c be p(y). Determine j(c).
-4
Suppose -250*j + 32 = -254*j. Let k be 18/j*72/18. Let d(r) = -r + 24. Let h(c) = -2*c + 36. Let l(t) = 8*d(t) - 5*h(t). What is l(k)?
-6
Let c(i) = i**3 - 7*i**2 - 9*i + 14. Let h be c(8). Let l(j) = h*j - 5*j - 2 + 2. Let q(m) = -3*m. Let n(t) = -15*l(t) - 4*q(t). Determine n(1).
-3
Suppose -3 = -3*o + h + 4*h, 35 = -5*o - 5*h. Let b(f) = -8*f - 3*f + 3*f - 3 + f - f**2 - 2*f. Determine b(o).
17
Let f(y) = y**3 - 12*y**2 + 12*y - 6. Let o be f(11). Let b(h) = 2*h**3 - 3*h**3 - 3*h + o + 9*h - 2*h**2. What is b(-4)?
13
Let v(a) = -a**3 - 8*a**2 - 12*a + 8. Let r = 322 + -322. Let i be (3/(-4))/(r - (-1)/8). Give v(i).
8
Let n(u) = -u**3 - 3*u**2 + 40*u. Let d be n(5). Let q(o) = -o + 46. Determine q(d).
46
Let m(t) = -4 + 11*t**3 - 30*t**3 - 3*t + 65*t**2 - 7 - 71*t**2 + 18*t**3. Determine m(-5).
-21
Suppose r + 2*n = 0, -5*r + 0 = n - 9. Let t(q) = r*q**3 - 4426*q**2 - 13*q - 5*q**3 + 4436*q**2 - 15 + 4*q**3. Give t(-11).
7
Suppose 65 = -4*m - 507. Let i = 144 + m. Let t(g) = 6*g**3 - g**2 + g - 1. Give t(i).
5
Let p(o) be the second derivative of -2*o**3/3 + 7*o**2/2 - 5*o + 36. What is p(-5)?
27
Let o be (-4)/12 - (-20)/6. Suppose -75 = -99*p + 94*p. Let t(j) = 3 + 4*j - 3*j**2 + j**3 + 6*j - p*j + 6*j. Calculate t(o).
6
Let p(m) = -11*m**3 - 10*m**2 - 32*m + 11. Let v(r) = 299*r - 5*r**2 + 1 - 314*r - 5*r**3 + 1 + 3. Let g(h) = 6*p(h) - 13*v(h). What is g(4)?
29
Suppose -48*l + 23*l - 36*l = -549. Let r(i) = -i**3 + 4*i**2 + 42*i + 25. What is r(l)?
-2
Let w(g) = -g**2 + 2*g + 3. Let s(y) = -y**2 + 15*y - 21. Let a = 11 - 6. Suppose -a*d - 70 = -5*m, m - d + 38 = 4*m. Let j be s(m). Calculate w(j).
-12
Let q(x) = 8*x**2 + 15*x**2 - 913 - x**3 + 44*x + 993 + 22*x**2. What is q(46)?
-12
Let z = -159 - -165. Let x(h) = 2 + 3*h**2 - z*h**2 + 6*h - 3*h. Let f be (-23)/(-7) - 4/14. Determine x(f).
-16
Let l(v) be the first derivative of 7*v**2 + 36*v + 2896. What is l(-2)?
8
Let d(j) = -12*j**3 - 2*j - 1. Let b = 58 + -55. Let t(z) = z**3 - 3*z**2 + z - 4. Let l be t(b). Let g be (l + 3)/6*6/(-2). Calculate d(g).
13
Let v(t) = 3*t - 10. Let s = -583 + 580. Suppose -2*b - 3*b = 45. Let m be (-69)/b - (-2)/s. What is v(m)?
11
Let s(d) = 13*d**3 - 193*d**2 + 63*d + 92. Let t(r) = -r**3 + 15*r**2 - 5*r - 7. Let g(w) = -3*s(w) - 38*t(w). Let a(c) = c + 9. Let z be a(0). Give g(z).
-1
Let l(z) = z**3 + 5*z**2 + 223*z + 885. Let y be l(-4). Let w(s) = -3*s**2 + 32*s - 46. Calculate w(y).
-1
Let d(r) = -r**2 + 5*r + 2. Suppose -4*h - 32 = 24. Let l(j) be the second derivative of j**3/3 + 16*j**2 - 2*j + 224. Let w be l(h). What is d(w)?
6
Let n(v) = -2*v**2 + v + 4. Let w(h) = 4*h**2 - 8. Let g be w(4). Let s = g + -51. Suppose s*r - 5*f - 57 + 17 = 0, 4*r - 2 = -2*f. What is n(r)?
-11
Suppose 3*y + 7*d - 11 = 2*d, 0 = y - 2*d. Let p(v) = 13*v + 6. Let h(x) = -27*x - 11. Let k(u) = 4*h(u) + 7*p(u). Calculate k(y).
-36
Let i(r) be the first derivative of -1/2*r**4 - 8 - 1/120*r**5 + 0*r + 0*r**2 + 7*r**3. Let g(l) be the third derivative of i(l). Calculate g(-5).
-7
Let b(u) = 1541*u + 6*u**2 - 4 + 0*u**3 - u**3 - 1531*u. What is b(7)?
17
Let s = -24 - -20. Let a(r) = r + 86. Let u(x) = 2*x - 35. Let g(v) = 2*a(v) + 5*u(v). Calculate g(s).
-51
Let n(x) = -8*x**3 - 10 - 6 + 15 - 1 - 3*x + 0 + 7*x**2. What is n(2)?
-44
Let f(z) = -45 + 5*z + 45 - 13*z. Let r = -1895 + 1894. Give f(r).
8
Let g(t) = -164*t + 74*t + 37*t + 45*t + 127. Give g(16).
-1
Let g(l) = 3*l**3 + l**2 + 2*l + 4. Let k(c) = c**3 + 117*c**2 - 230*c + 949. Let b be k(-119). What is g(b)?
-74
Let b(w) be the first derivative of w**5/20 + w**4/3 - w**3/6 - 3*w**2/2 + 3*w + 2. Let c(z) be the first derivative of b(z). Give c(-4).
1
Let p(y) = y - 5. Let r(q) = -1. Let h(u) = p(u) + 2*r(u). Let t be h(10). Suppose -2*b - 4 = -t*b. Let k(g) = g**3 - 3*g**2 - 6*g + 1. Calculate k(b).
-7
Suppose -8*r - 66 = d, 14*d = r + 17*d - 9. Let f(h) = 11*h - 3. Determine f(r).
-102
Let d(k) = 5*k**2 + k - 2. Let a(u) = -2*u**3 - 2*u**2 + 2. Let g be a(1). Let r be (-6)/3*4/g. Suppose 5*h - 4 = -r*s + 2, -16 = 4*h - 2*s. What is d(h)?
16
Let s(w) be the third derivative of w**5/60 - 17*w**4/24 - 55*w**3/6 + 2*w**2 + 7*w - 277. Calculate s(19).
-17
Let p(x) = x + 2. Suppose -3*l + 4 = 2*n, 4*l - 9 = -3*n + 4*n. Let s be l - 0 - (36 - (-5 - -6)). Let b be -15*((-17)/s + (-8)/44). What is p(b)?
-3
Let r(b) = 4*b**2 - 41*b + 25. Let w(z) = z**3 - 5*z**2 - 27*z + 34. Let p be w(8). Determine r(p).
15
Let u(j) be the first derivative of j**4/4 + 5*j**3 + 15*j**2/2 + 15*j - 1. Suppose 139 - 2687 = 182*g. Give u(g).
1
Let l(n) = 7*n**3 - 79 - n**3 + 12 + 32 + 36. Determine l(-1).
-5
Suppose -3*n - 53*m = -56*m + 663, 5*m + 1085 = -5*n. Let a = n - -220. Let w(x) = x - 3. Give w(a).
-2
Let r = -5 - -8. Let v(x) = 87402*x - 4*x**3 + 0*x**2 + 2*x**3 + x**3 - 43704*x + 4*x**2 - 43701*x + 1. What is v(r)?
1
Let m(w) be the third derivative of w**6/120 - 7*w**5/5 - 89*w**4/24 + 170*w**3/3 - 43*w**2 + 124*w. Give m(85).
0
Let a(f) be the third derivative of 48 + 3*f**2 + 0*f + 1/2*f**3 - 1/6*f**4 - 1/60*f**5. Determine a(1).
-2
Let b(g) = 4*g**2 - 3*g + 3. Suppose -121*u + 210 + 32 = 0. Give b(u).
13
Suppose -145*p + 25 - 48 = 122. Let u(m) = -7*m**3 - 2*m - 2. Determine u(p).
7
Let f(z) = z**2 + 13*z - 4. Let g be f(-8). Let k = g - -46. Let x(s) = -12*s - 2. Let q(v) = -9*v - 2. Let h(p) = -3*q(p) + 2*x(p). Calculate h(k).
8
Let n(c) = c**3 - 8*c**2 - 2*c + 7. Suppose 5*r - 5*j - 580 = 0, -85 = -4*r + 5*j + 383. Let g be 4 + r/35 + (-4)/(-5). What is n(g)?
-9
Let s(h) = -2*h - 2*h + 3*h - 5. Let m = -108 - -121. Suppose 5*u - 8*u - 3*d - 3 = 0, 0 = -5*u - 3*d - m. What is s(u)?
0
Let v(t) = t**3 + t**2 - 3*t - 3. Let l be v(3). Suppose -21 = -10*d + 3*d. Suppose -d*u + l = u. Let c(x) = x**2 - 6*x + 7. Determine c(u).
7
Let k(j) be the first derivative of 2/3*j**3 + 5/2*j**2 - 14 - 7*j. What is k(-5)?
18
Let c(f) = f**2 + 10*f + 7. Let h(g) = 4*g**2 - 53*g + 16. Let o be h(13). Let a be o/(((-2)/12)/((-1)/(-2))). Give c(a).
-2
Let b(t) = t + 13. Let s be 421/3 - (4 - 22/6). Let j = s - 149. Calculate b(j).
4
Let m(p) be the first derivative of -7*p**2/2 + 5*p - 24. What is m(-5)?
40
Let r(l) = 10231*l**3 - 4*l - 2*l**2 - 10230*l**3 + 6*l - 4. Determine r(3).
11
Let w(z) = -2*z**2 - 3*z + z**2 + 0*z. Let s = 112 - 91. Let f(n) = n - 27. Let k be f(s). Give w(k).
-18
Let s(o) be the second derivative of -5/6*o**3 + 0*o**2 - 1/12*o**4 + 148*o - 2. Determine s(-4).
4
Let s = 2 - 1. Let m(h) = -45*h**2 - 19*h + 5. Let p = 248 - 250. Let q(l) = 11*l**2 + 4*l - 1. Let z(n) = p*m(n) - 9*q(n). Calculate z(s).
-8
Let j(o) = -o**3 - 5*o**2 - o - 10. Suppose 2*l + 25 = t, 97 = 5*t - 0*l - 3*l. Suppose x - 2*x + 3 = 4*v, 4*v = -5*x - t. Give j(x).
-5
Let r(a) = a**3 - a**2 + a - 9. Let n(m) = m**2 + 2*m - 8. Suppose -3*v = 2*v - 150. Suppose 0 = 7*q + v - 2. Let k be n(q). Determine r(k).
-9
Let p(a) = -a**3 - 6*a**2 - 5*a + 2. Let v(h) be the third derivative of h**4/8 + h**3 - 20*h**2. Let d be v(0). Suppose d*y = -y - 35. Give p(y).
2
Let h(b) = -2*b**2 - 6*b - 4. Let s(j) = j**2 - 2. Let w(d) = h(d) + s(d)